{"id":198,"date":"2022-03-02T18:03:14","date_gmt":"2022-03-02T21:03:14","guid":{"rendered":"https:\/\/lartek.com.ar\/site\/?page_id=198"},"modified":"2022-07-04T19:44:25","modified_gmt":"2022-07-04T22:44:25","slug":"descargas","status":"publish","type":"page","link":"https:\/\/lartek.com.ar\/site\/descargas\/","title":{"rendered":"Descargas"},"content":{"rendered":"\n<p>En esta secci\u00f3n podr\u00e1 encontrar manuales, notas de aplicaci\u00f3n t\u00e9cnica, esquemas de conexionado, y aplicaciones.<\/p>\n\n\n\n<p>Para mas documentos y\/o descargas relacionadas a un producto en particular, dirijase a la p\u00e1gina de dicho producto.<\/p>\n\n\n\n<h2 class=\"wp-block-heading\">Aplicaciones para Android<\/h2>\n\n\n\n<ul class=\"wp-block-list\"><li><a href=\"https:\/\/lartek.com.ar\/downloads\/old\/lartapp2.apk\">LartApp v2<\/a> (obsoleta)<\/li><li><a href=\"https:\/\/lartek.com.ar\/downloads\/lartapp4.apk\">LartApp Net<\/a> (actual)<\/li><\/ul>\n\n\n\n<h2 class=\"wp-block-heading\">Manuales<\/h2>\n\n\n\n<ul class=\"wp-block-list\"><li><a href=\"https:\/\/drive.google.com\/file\/d\/1Mglau83v5IPYoStr9AjFVpymsYfGRVHB\/view?usp=sharing\">ATM v2 (2G)<\/a><\/li><li><a href=\"https:\/\/drive.google.com\/file\/d\/1-Sne7TX50oFQNzxGiKQw8qEyYJ1ZwI0T\/view?usp=sharing\">ATM v2 (2G+4G)<\/a><\/li><li><a href=\"https:\/\/drive.google.com\/file\/d\/1H5TrHAs0Xc_tXZJVow8kd4eRXUELJpoY\/view?usp=sharing\">AT v2.5 (2G)<\/a><\/li><li><a href=\"https:\/\/drive.google.com\/file\/d\/1f72dhghOeT-33uEIRPrmu5xILZo4vCVZ\/view?usp=sharing\">AT v2.5 (2G+4G)<\/a><\/li><li><a href=\"https:\/\/drive.google.com\/file\/d\/1m87vb8EWSRz9yRiLtBrlPq2Ts4m_pkLt\/view?usp=sharing\">AT v2.5 (2G+4G+WiFi)<\/a><\/li><li><a href=\"https:\/\/drive.google.com\/file\/d\/1HnHIFA5rf90r2sQh4ADd7iY_Kuv5Nc4g\/view?usp=sharing\">AT v4 (2G+4G)<\/a><\/li><li><a href=\"https:\/\/drive.google.com\/file\/d\/1u2CN9tr-NPiRjJgcaMgble7wBp_YVhwj\/view?usp=sharing\">Flexicom 4 (2G+4G)<\/a><\/li><li><a href=\"https:\/\/drive.google.com\/file\/d\/1EJh3hxb8iy9J-WXesOPeunVfqnbNh2gv\/view?usp=sharing\">Sirpan v4 (2G)<\/a><\/li><li><a href=\"https:\/\/drive.google.com\/file\/d\/1IQtAVhzqLUgyhFcbqfvuwgX0cg13IrAH\/view?usp=sharing\">ST v2.5 (2G)<\/a><\/li><\/ul>\n\n\n\n<h2 class=\"wp-block-heading\">Gu\u00edas R\u00e1pidas<\/h2>\n\n\n\n<ul class=\"wp-block-list\"><li><a href=\"https:\/\/drive.google.com\/file\/d\/1m755RnWhVuPv0j6-URzGlrI5_Rd6_xe5\/view?usp=sharing\" target=\"_blank\" rel=\"noreferrer noopener\">AT v2.5 WiFi &#8211; Configurar WiFi<\/a><\/li><li><a href=\"https:\/\/drive.google.com\/file\/d\/1m9rnAD_bBIbHjDOKy6dzv-jXJlMM16wn\/view?usp=sharing\" target=\"_blank\" rel=\"noreferrer noopener\">AT v2.5 WiFi &#8211; Configurar Usuarios<\/a><\/li><\/ul>\n","protected":false},"excerpt":{"rendered":"<p>En esta secci\u00f3n podr\u00e1 encontrar manuales, notas de aplicaci\u00f3n t\u00e9cnica, esquemas de conexionado, y aplicaciones. Para mas documentos y\/o descargas relacionadas a un producto&#8230;<\/p>\n","protected":false},"author":1,"featured_media":0,"parent":0,"menu_order":0,"comment_status":"closed","ping_status":"closed","template":"","meta":{"footnotes":""},"class_list":["post-198","page","type-page","status-publish","hentry"],"_links":{"self":[{"href":"https:\/\/lartek.com.ar\/site\/wp-json\/wp\/v2\/pages\/198","targetHints":{"allow":["GET"]}}],"collection":[{"href":"https:\/\/lartek.com.ar\/site\/wp-json\/wp\/v2\/pages"}],"about":[{"href":"https:\/\/lartek.com.ar\/site\/wp-json\/wp\/v2\/types\/page"}],"author":[{"embeddable":true,"href":"https:\/\/lartek.com.ar\/site\/wp-json\/wp\/v2\/users\/1"}],"replies":[{"embeddable":true,"href":"https:\/\/lartek.com.ar\/site\/wp-json\/wp\/v2\/comments?post=198"}],"version-history":[{"count":3,"href":"https:\/\/lartek.com.ar\/site\/wp-json\/wp\/v2\/pages\/198\/revisions"}],"predecessor-version":[{"id":211,"href":"https:\/\/lartek.com.ar\/site\/wp-json\/wp\/v2\/pages\/198\/revisions\/211"}],"wp:attachment":[{"href":"https:\/\/lartek.com.ar\/site\/wp-json\/wp\/v2\/media?parent=198"}],"curies":[{"name":"wp","href":"https:\/\/api.w.org\/{rel}","templated":true}]}}