{"id":21,"date":"2022-01-27T13:00:21","date_gmt":"2022-01-27T16:00:21","guid":{"rendered":"https:\/\/lartek.com.ar\/site\/?page_id=21"},"modified":"2023-05-09T21:58:41","modified_gmt":"2023-05-10T00:58:41","slug":"inicio","status":"publish","type":"page","link":"https:\/\/lartek.com.ar\/site\/","title":{"rendered":"Inicio"},"content":{"rendered":"\n<div class=\"wp-block-columns is-layout-flex wp-container-core-columns-is-layout-9d6595d7 wp-block-columns-is-layout-flex\">\n<div class=\"wp-block-column is-layout-flow wp-block-column-is-layout-flow\">\n<h2 class=\"wp-block-heading\" id=\"comunicadores-para-alarmas\">Comunicadores para Alarmas<\/h2>\n\n\n\n<p id=\"block-835f92b3-f472-4f9c-b3fd-ec6879eff0c3\">Ofrecemos equipos para monitoreo de alarmas v\u00eda SMS, GPRS o WiFi.<\/p>\n\n\n\n<p id=\"block-8d6f706a-38a9-4973-979f-052fe6dbb26c\">Nuestros equipos son compatibles con la mayor\u00eda de las centrales de alarmas existentes en el mercado.<\/p>\n<\/div>\n\n\n\n<div class=\"wp-block-column is-layout-flow wp-block-column-is-layout-flow\">\n<figure class=\"wp-block-image size-full\"><img loading=\"lazy\" decoding=\"async\" width=\"451\" height=\"451\" src=\"https:\/\/lartek.com.ar\/site\/wp-content\/uploads\/2022\/02\/square-lines-comunicadores.png\" alt=\"\" class=\"wp-image-177\" srcset=\"https:\/\/lartek.com.ar\/site\/wp-content\/uploads\/2022\/02\/square-lines-comunicadores.png 451w, https:\/\/lartek.com.ar\/site\/wp-content\/uploads\/2022\/02\/square-lines-comunicadores-300x300.png 300w, https:\/\/lartek.com.ar\/site\/wp-content\/uploads\/2022\/02\/square-lines-comunicadores-150x150.png 150w, https:\/\/lartek.com.ar\/site\/wp-content\/uploads\/2022\/02\/square-lines-comunicadores-160x160.png 160w\" sizes=\"auto, (max-width: 451px) 100vw, 451px\" \/><\/figure>\n<\/div>\n<\/div>\n\n\n\n<div class=\"wp-block-columns is-layout-flex wp-container-core-columns-is-layout-9d6595d7 wp-block-columns-is-layout-flex\">\n<div class=\"wp-block-column is-layout-flow wp-block-column-is-layout-flow\">\n<h2 class=\"wp-block-heading\" id=\"equipos-para-control-y-monitoreo\">Equipos para Control y Monitoreo<\/h2>\n\n\n\n<p id=\"block-3297850d-3844-4731-a5e6-ec1122c9be3a\">Contamos con diversas soluciones para el monitoreo y control remoto de procesos y sistemas.<\/p>\n\n\n\n<p id=\"block-ff929b1e-014d-45b4-b539-b3c29eb90f2a\">Para esto ofrecemos equipos cuentan con entradas y salidas digitales, sensado de diversos par\u00e1metros, y compatibilidad con modulos de expansi\u00f3n Lilo.<\/p>\n<\/div>\n\n\n\n<div class=\"wp-block-column is-layout-flow wp-block-column-is-layout-flow\">\n<figure class=\"wp-block-image size-full\"><img loading=\"lazy\" decoding=\"async\" width=\"454\" height=\"454\" src=\"https:\/\/lartek.com.ar\/site\/wp-content\/uploads\/2022\/02\/square-lines-monicontrol.png\" alt=\"\" class=\"wp-image-179\" srcset=\"https:\/\/lartek.com.ar\/site\/wp-content\/uploads\/2022\/02\/square-lines-monicontrol.png 454w, https:\/\/lartek.com.ar\/site\/wp-content\/uploads\/2022\/02\/square-lines-monicontrol-300x300.png 300w, https:\/\/lartek.com.ar\/site\/wp-content\/uploads\/2022\/02\/square-lines-monicontrol-150x150.png 150w, https:\/\/lartek.com.ar\/site\/wp-content\/uploads\/2022\/02\/square-lines-monicontrol-160x160.png 160w\" sizes=\"auto, (max-width: 454px) 100vw, 454px\" \/><\/figure>\n<\/div>\n<\/div>\n\n\n\n<div class=\"wp-block-columns is-layout-flex wp-container-core-columns-is-layout-9d6595d7 wp-block-columns-is-layout-flex\">\n<div class=\"wp-block-column is-layout-flow wp-block-column-is-layout-flow\">\n<h2 class=\"wp-block-heading\" id=\"apps-para-alarmas-y-domotica\">Apps para Alarmas y Dom\u00f3tica<\/h2>\n\n\n\n<p>Estas permiten vincular de manera sencilla a los usuarios con sus dispositivos Lartek. As\u00ed, el monitoreo y control de su sistema de seguridad y dom\u00f3tica resulta mas simple.<\/p>\n<\/div>\n\n\n\n<div class=\"wp-block-column is-layout-flow wp-block-column-is-layout-flow\">\n<figure class=\"wp-block-image size-full\"><img loading=\"lazy\" decoding=\"async\" width=\"454\" height=\"454\" src=\"https:\/\/lartek.com.ar\/site\/wp-content\/uploads\/2022\/02\/square-lines-apps.png\" alt=\"\" class=\"wp-image-178\" srcset=\"https:\/\/lartek.com.ar\/site\/wp-content\/uploads\/2022\/02\/square-lines-apps.png 454w, https:\/\/lartek.com.ar\/site\/wp-content\/uploads\/2022\/02\/square-lines-apps-300x300.png 300w, https:\/\/lartek.com.ar\/site\/wp-content\/uploads\/2022\/02\/square-lines-apps-150x150.png 150w, https:\/\/lartek.com.ar\/site\/wp-content\/uploads\/2022\/02\/square-lines-apps-160x160.png 160w\" sizes=\"auto, (max-width: 454px) 100vw, 454px\" \/><\/figure>\n<\/div>\n<\/div>\n\n\n\n<div class=\"wp-block-columns is-layout-flex wp-container-core-columns-is-layout-9d6595d7 wp-block-columns-is-layout-flex\">\n<div class=\"wp-block-column is-layout-flow wp-block-column-is-layout-flow\">\n<h2 class=\"wp-block-heading\" id=\"plataforma-iot\">Plataforma IoT<\/h2>\n\n\n\n<p id=\"block-d93e471b-0624-423c-80aa-727f0c9830c6\">SilverShape es nuestra propuesta para el mundo IoT. Una plataforma de f\u00e1cil uso, y muy vers\u00e1til, orientada al monitoreo y control de par\u00e1metros v\u00eda internet.<\/p>\n\n\n<div class=\"wp-block-image\">\n<figure class=\"aligncenter is-resized\" id=\"block-ef4cbfc9-7e07-4820-a175-0a3547f72031\"><img loading=\"lazy\" decoding=\"async\" src=\"https:\/\/wordpress.lartek.com.ar\/wp-content\/uploads\/silvershape_entrada-512x316.png\" alt=\"La imagen tiene un atributo ALT vac\u00edo; su nombre de archivo es silvershape_entrada-512x316.png\" width=\"275\" height=\"170\"\/><\/figure>\n<\/div><\/div>\n\n\n\n<div class=\"wp-block-column is-layout-flow wp-block-column-is-layout-flow\">\n<figure class=\"wp-block-image size-full\"><img loading=\"lazy\" decoding=\"async\" width=\"454\" height=\"454\" src=\"https:\/\/lartek.com.ar\/site\/wp-content\/uploads\/2022\/02\/square-lines-iot.png\" alt=\"\" class=\"wp-image-184\" srcset=\"https:\/\/lartek.com.ar\/site\/wp-content\/uploads\/2022\/02\/square-lines-iot.png 454w, https:\/\/lartek.com.ar\/site\/wp-content\/uploads\/2022\/02\/square-lines-iot-300x300.png 300w, https:\/\/lartek.com.ar\/site\/wp-content\/uploads\/2022\/02\/square-lines-iot-150x150.png 150w, https:\/\/lartek.com.ar\/site\/wp-content\/uploads\/2022\/02\/square-lines-iot-160x160.png 160w\" sizes=\"auto, (max-width: 454px) 100vw, 454px\" \/><\/figure>\n<\/div>\n<\/div>\n\n\n\n<div class=\"wp-block-columns is-layout-flex wp-container-core-columns-is-layout-9d6595d7 wp-block-columns-is-layout-flex\">\n<div class=\"wp-block-column is-layout-flow wp-block-column-is-layout-flow\">\n<h2 class=\"wp-block-heading\" id=\"block-b8dcba4f-c5cd-4b76-ab46-e8c8d4b215be\">Monitoreo de Temperatura<\/h2>\n\n\n\n<p id=\"block-bfcdfad9-2d1b-4880-9119-90cfc3ba03d0\">Contamos con una amplia linea de productos orientados al monitoreo de temperaturas, que se adaptan a las mas variables necesidades de nuestros clientes.<\/p>\n<\/div>\n\n\n\n<div class=\"wp-block-column is-layout-flow wp-block-column-is-layout-flow\">\n<figure class=\"wp-block-image size-full\"><img loading=\"lazy\" decoding=\"async\" width=\"454\" height=\"454\" src=\"https:\/\/lartek.com.ar\/site\/wp-content\/uploads\/2022\/02\/square-lines-temperatura.png\" alt=\"\" class=\"wp-image-180\" srcset=\"https:\/\/lartek.com.ar\/site\/wp-content\/uploads\/2022\/02\/square-lines-temperatura.png 454w, https:\/\/lartek.com.ar\/site\/wp-content\/uploads\/2022\/02\/square-lines-temperatura-300x300.png 300w, https:\/\/lartek.com.ar\/site\/wp-content\/uploads\/2022\/02\/square-lines-temperatura-150x150.png 150w, https:\/\/lartek.com.ar\/site\/wp-content\/uploads\/2022\/02\/square-lines-temperatura-160x160.png 160w\" sizes=\"auto, (max-width: 454px) 100vw, 454px\" \/><\/figure>\n<\/div>\n<\/div>\n","protected":false},"excerpt":{"rendered":"<p>Comunicadores para Alarmas Ofrecemos equipos para monitoreo de alarmas v\u00eda SMS, GPRS o WiFi. Nuestros equipos son compatibles con la mayor\u00eda de las centrales&#8230;<\/p>\n","protected":false},"author":1,"featured_media":0,"parent":0,"menu_order":0,"comment_status":"closed","ping_status":"closed","template":"page-templates\/landing-page.php","meta":{"footnotes":""},"class_list":["post-21","page","type-page","status-publish","hentry"],"_links":{"self":[{"href":"https:\/\/lartek.com.ar\/site\/wp-json\/wp\/v2\/pages\/21","targetHints":{"allow":["GET"]}}],"collection":[{"href":"https:\/\/lartek.com.ar\/site\/wp-json\/wp\/v2\/pages"}],"about":[{"href":"https:\/\/lartek.com.ar\/site\/wp-json\/wp\/v2\/types\/page"}],"author":[{"embeddable":true,"href":"https:\/\/lartek.com.ar\/site\/wp-json\/wp\/v2\/users\/1"}],"replies":[{"embeddable":true,"href":"https:\/\/lartek.com.ar\/site\/wp-json\/wp\/v2\/comments?post=21"}],"version-history":[{"count":6,"href":"https:\/\/lartek.com.ar\/site\/wp-json\/wp\/v2\/pages\/21\/revisions"}],"predecessor-version":[{"id":215,"href":"https:\/\/lartek.com.ar\/site\/wp-json\/wp\/v2\/pages\/21\/revisions\/215"}],"wp:attachment":[{"href":"https:\/\/lartek.com.ar\/site\/wp-json\/wp\/v2\/media?parent=21"}],"curies":[{"name":"wp","href":"https:\/\/api.w.org\/{rel}","templated":true}]}}